Evaluate 6 - (-7 - (-25 + 2 + 0)).
-10
-4 + 3 + 6 + (-7 - (-30 - (8 + -7)))
29
What is the value of 41 + (-24 + 9 - 4)?
22
What is the value of (0 - 10 - -62) + (-83 - -89)?
58
What is the value of -137 - -118 - 104 - -41?
-82
Evaluate (5 - (6 + 7)) + -1 - 14.
-23
What is -18 - ((4 - (4 + -3)) + (1159 - 1224))?
44
What is -22 + 21 + -2 - (-6 + 9) - -98?
92
-57 - (5 + -11 + 9 + (9 - (-1 - -6)))
-64
Calculate -5 + (-2 - 7) + 7 - (4 - 35).
24
What is the value of 15 + (-11 - 3) - ((-14 - -1) + 3)?
11
What is the value of 19 + (21 - 25) - (-4 + 5)?
14
What is -11 - (2 + 41 + -42 + 1 + -2) - -77?
66
Calculate 17 - -8 - (-6 + 7 + -7).
31
1799 + -1779 + -56 + 4
-32
Calculate -49 + -1 + (-1 - 16 - (-2 + -6)).
-59
Calculate -15 - (70 + -46 + -11).
-28
3 + -62 - (33 + -18)
-74
Evaluate (23 - 11 - (2 - -2) - -3 - 89) + 3.
-75
Evaluate (-4 - -4) + 60 + -34 + -4 + 42.
64
What is the value of (-22 - -18) + -6 + -12 + -6?
-28
What is -39 + 17 + (13 - -12 - -36)?
39
Calculate 25 + 0 - (-26 + 16 - -16).
19
Calculate 8 + 1 + (0 + 16 - (-228 + 223)).
30
What is the value of (-18 - -16 - -36 - (-8 - -18)) + -2?
22
Evaluate 19 - (-14 + 0 + -64 + 46).
51
11 - -2 - 19 - 27
-33
Calculate 12 - (33 - 31) - ((1 - 5) + (44 - 19)).
-11
What is the value of -3 + -8 + 5 + -4 + (55 - -3 - 13)?
35
What is the value of 11 + 41 - (19 + -1 - (135 + -123))?
46
Calculate 91 + -112 - (53 - 37 - (7 - 0)).
-30
5 + 7 - (2 + (-3 - -3)) - (6 - 7)
11
Evaluate 45 + -94 + -11 + 57.
-3
-659 + 724 - (-5 - (-2 + 1 + -5))
64
Evaluate (7 - 8) + 6 + (-15 + 83 - 21).
52
What is 9 + (12 - (-9 - -88)) - (-87 - -108)?
-79
What is -110 - -23 - (-141 - -51)?
3
Evaluate -29 + (55 + -102 - -117).
41
What is -9 - (-13 - (-48 + -5))?
-49
What is the value of -2 + (-2 - 0 - -11) + -4 - (-58 - -102)?
-41
Evaluate 39 + -32 + 33 - -20.
60
What is -7 - (20 + 22 + -11)?
-38
What is (87 - -15) + -2 + -2 + -30 + 31?
99
13 + 8 + -10 - (33 + 4)
-26
What is (5 - 58) + -2 - (-29 - (11 - 43))?
-58
Evaluate (-52 - -22) + 28 - 38.
-40
Evaluate 0 + -17 + (4 - 15) + 7 + -1.
-22
(-9 - 6) + (-31 - -73 - 58)
-31
What is the value of (65 - (-27 - -26)) + -20?
46
What is ((17 - (-9 - -13)) + -6 - -3) + 28?
38
What is -12 + -1 + (162 + -164 - (-13 + 1)) + -17?
-20
Calculate (0 + 7 + (-187 - -182) - 6) + 43.
39
What is the value of (5 + (-6 + 8 - -10 - 9) - -32) + 6?
46
Evaluate (63 - (44 - (23 + 19))) + (1 - 0) + 8.
70
-25 + -24 + 6 + 37 + -20
-26
Calculate 1 + 72 - (-53 + (39 - (-58 + 37))).
66
Calculate 68 + 2 + (-30 - 11).
29
0 - -36 - ((24 - 42) + 6) - (1 + -3)
50
-16 + -1 + (274 - 155 - 121)
-19
What is 6 + -67 - (-193 + 191)?
-59
20 + 9 + -10 + (35 - 21)
33
What is the value of -13 + 40 + (4 - 2)?
29
Evaluate 4 + -2 - ((11 - -62) + -13 + 14 + 3).
-75
What is the value of 5 + (208 + -155 - (9 + -7 - (16 + -2)))?
70
Calculate 82 - (-13 + 81) - (3 + 0 + -65).
76
-1 - ((-6 - 9) + 12 - -2) - -20
20
Calculate -4 + -18 + (36 - 33) + 1 + 26.
8
-953 - -949 - (43 - -2)
-49
-18 + (124 - 129) + (-15 - 4)
-42
Evaluate (-17 - 38) + 112 - 142.
-85
What is the value of 49 + 1 + -2 + (1 + -50 - -44)?
43
-11 + -72 + -26 + (8 - (10 + -1))
-110
What is the value of 9 - (-65 - -33 - -18)?
23
What is the value of 44 + (-95 + 132 - 40)?
41
What is 2 + -33 + 527 + -488 - (-2 - (-122 - 2))?
-114
What is -44 - (-94 + -1 + 117)?
-66
-30 - (-5 - 10 - 2 - -10)
-23
Evaluate (-1 + 5 - 63) + 54.
-5
(43 + -62 + 24 - (0 + 1)) + -11
-7
Calculate -109 + (6 - 2) + (-75 - -43) + 41.
-96
Evaluate 27 - (-78 + 53 - -71).
-19
What is -7 + (-39 - -118) - 9?
63
What is the value of -21 - -103 - (13 + 19)?
50
What is (-32 - 1) + 1 + (2625 - 2606)?
-13
10 - (-13 - -48 - 21) - (1 - 57)
52
21 - ((27 - -45) + -32)
-19
16 - ((-125 - -141) + 5 + -119)
114
What is 5 - (20 - 14 - 13) - 20 - (0 - -7)?
-15
Calculate 3 + 0 + 6 + (28 - 29) + 0.
8
77 - (-10 + (1 - (-5 - -1) - (1981 - 1976)))
87
Calculate -12 + -55 + 88 + -27.
-6
Calculate -4 + -72 + -47 + 161.
38
0 + (-22 + -3 + 35 - (-13 - 0))
23
Calculate 19 + (-15 - -2) + -10 + -1 + -45.
-50
What is the value of -10 + (25 + 50 - 10) + -16?
39
What is -6 + 6 + 17 - (357 - 406)?
66
Calculate (-6 - (0 + -1 + 4)) + 15 + -27 + -36.
-57
What is the value of (16 - (64 + -21 + -21)) + -16?
-22
What is (0 - -13 - (-2 + 6)) + -53 + (30 - -21)?
7
What is (-19 - 2) + 18 + -4 + 18 + -1?
10
Evaluate -24 + 0 + 12 + 75.
63
What is the value of -83 + 31 + 46 - (-2 - 10) - (-89 - 2)?
97
What is -2 + -4 + 10 + -40 + 22 - -8?
-6
What is (1 - -37) + -1 + -1 + (-65 - -70 - 2)?
39
-2 + 46 - (9 - (-13 + 16 + -5))
33
What is -97 + 32 + 17 - 2?
-50
What is the value of (0 - 38) + (2192 - 2221)?
-67
What is -78 + (213 - (-10 - -64))?
81
What is the value of (-18 - (-1 + -10) - 12) + -9?
-28
67 - (15 + 21 + 20)
11
Calculate (-3 - (-7 + -2)) + -17 + -22 + (19 - 27).
-41
Calculate 11 + ((-17 - -40) + -65 - -12).
-19
Evaluate (34 - (2 - (8 + -16 + -8))) + -103.
-87
What is 7 - 0 - (-8 - (3 - 15 - -19) - -15)?
7
What is the value of 37 + -47 + 76 + 14?
80
Calculate (372 - 400) + (-10 - -14) + (1 - -1 - 3).
-25
Evaluate 145 - (-31 + 62 + 57).
57
What is (-62 - -73) + (12 - (-17 + 15))?
25
What is 38 - (72 + -38 - -64)?
-60
Calculate -1 + 2 + -16 + (13 - -6).
4
Evaluate (-1 - (-22 + -2)) + -12 + 90 + -69.
32
Calculate -72 + 33 - -30 - 27.
-36
What is the value of 15 + 10 + (43 - 53) + 1 + -14?
2
What is 221 + -216 - (29 + 13 + (2 - 3))?
-36
Evaluate -23 + 25 + -15 + 1 + (-7 - 1).
-20
What is -4 + -10 - (-8 + -11 - -11) - (24 + -6)?
-24
What is -7 + (-58 - -37) + 41 + -120 + (-1 - -2)?
-106
Calculate -2 - -27 - (79 + -80 - (0 - -14) - -7).
33
(567 - 593 - (-2 - (-14 + 1))) + -6
-43
What is the value of 20 + -6 + 2 + (12 - 4 - 9)?
15
Evaluate -21 - (4 + -5 - 0) - (-23 - (-29 + 16)).
-10
38 + 0 + (17 + -7 - (-25 - -15))
58
Evaluate 49 - (8 + -19 - -26).
34
(8 - 0) + -17 + -60 + -1 + -63 + 71
-62
Evaluate -76 + 82 + -46 + 133.
93
-23 - (-4 - -11) - (76 + -123)
17
What is -1 - -65 - (2316 + -2343)?
91
What is the value of 20 - -1 - (-336 - -349)?
8
What is 19 - (-13 - -32 - (-8 - -36))?
28
43 + -74 + 30 + 71
70
What is the value of 11 + (-7 - -21 - 10) + 23 + 1 + 5?
44
What is 73 + (63 - -22) + -89?
69
52 - (-8 + 17) - (-296 - -280)
59
(2 - -69) + -13 + (-56 - -66 - (0 + 11))
57
What is the value of (15 - (112 + (-33 - -3))) + -24?
-91
Calculate -1 - ((0 - 1) + -82 + 40 + 61).
-19
What is 903 - 910 - (3 - 50 - (8 - 4))?
44
What is the value of -7 - -15 - 7 - ((22 - -1) + (24 - 15))?
-31
Calculate -8 - (25 - 20) - (-7 - 2) - 8.
-12
1237 + -1257 - (-5 + 3 + 1)
-19
What is the value of (-43 - -52) + (-1 - (10 + (-1 - -113) + -2))?
-112
Evaluate (13 - (-133 + 1)) + 19 + -3 + -29.
132
Calculate 37 + -69 + 4 + 3 - -2.
-23
(-51 - -26 - 21) + 14
-32
What is the value of 3 + -20 - (136 - (101 - 42))?
-94
-58 - (-61 + -29) - -39
71
Evaluate (3 - 6) + (-11 - -8) + -5 + 0.
-11
Evaluate 9 + (40 - (0 + 1 + 8 + -4 + -6)).
50
Evaluate (106 + -50 - 52) + (50 - (-2 + 2)).
54
Evaluate (-93 + 100 - (24 + -4)) + 20.
7
Evaluate 3 - (12 + -23) - (9 - (-5 + 69)).
69
What is 9 + -29 + (51 - 23 - 15) + 68 + 1?
62
Evaluate 61 + -33 + (-8 - 3) + -29.
-12
What is (1 - (0 + 9 - -2)) + (10 - 12 - -48)?
36
Calculate 0 - (-13 + -3 + 34) - 6.
-24
What is (55 - -1) + (1265 - 1396) + (-12 - 0)?
-87
57 - (-14 + 14 + 5 - (-5 - 1))
46
-61 - (-2 - -1 - 2 - (-30 - (-129 + 108)))
-67
What is -92 + 75 + 37 - (2 - 34)?
52
What is the value of 16 - ((44 - 19) + -40)?
31
Evaluate -14 - (-9 + (-14 - (-27 - -12) - -12)).
-18
Evaluate -16 - (3 + 32 + -50).
-1
Calculate (-3 - 2) + 102 + 21 + -28 + 14 - 8.
96
What is the value of 82 - (142 + -34 - 25)?
-1
Evaluate -14 + ((38 - 117) + 85 - (-1 + -46)).
39
What is (-1006 - -979) + (39 - 0)?
12
Calculate -12 + (59 + -5 - (42 - 1 - 34)).
35
What is -21 - ((20 - 6) + (-15 - -8) + -1)?
-27
-155 + 6 + 53 + 7 + 5 + -29
-113
What is the value of 74 + 0 + 14 + (30 - 38) + -6?
74
Evaluate -19 + 17 - -3 - (6 - (4 - -15)).
14
What is the value of -32 + 4 + 30 + (19 - 4)?
17
Calculate (13 - 17) + (-76 - -6) + 1 + -3 + -4.
-80
(359 - 375) + (-1 - (-2 + -84))
69
What is the value of 48 + -58 + -18 - ((-6 - -3 - -2) + -10)?
-17
What is the value of (0 + -13 - -1) + -890 + 912?
10
What is (-12 - -4) + 8 + -2 + -36 - (-1 - 3)?
-34
What is 0 + (-11 - -26 - 5) - -73 - -14?
97
Cal